27*l**3 + 5*l**2 + 5*l + 1. Let g(s) = -26*s**3 + 6*s**2 + 5*s + 2. Let d(f) = 6*g(f) - 7*r(f). Is d(2) composite?
False
Let d = 50365 - -1864. Is d composite?
True
Let i = -51369 + 87556. Is i a prime number?
True
Let g(r) = 240*r**3 - 2*r**2 - r. Let i be g(3). Suppose 4*m - m = i. Is m prime?
True
Let g(v) = 20*v + 1. Let x(w) = 1. Let n(p) = g(p) - 2*x(p). Let m be n(1). Suppose -q + m = 3*t - 12, -15 = -q + t. Is q prime?
True
Is -70267*(8 + (0 - 9)) prime?
False
Let j = -23942 + 48943. Is j prime?
False
Let n(x) = 118*x**3 - 3*x**2 + 8*x - 20. Is n(3) prime?
True
Suppose 0 = 4*v - 89207 - 32133. Is v a prime number?
False
Let k(y) = 15*y + 38. Let p be k(20). Suppose i - 332 = -n - 0*n, i = n - p. Is n prime?
False
Is ((-181961)/65)/(2/20*-2) prime?
True
Let d(a) = -1 - 92*a**2 + 91*a**2 - 18*a - a. Is d(-9) a composite number?
False
Let f be (20/(-50))/(1/(-1305)). Let r = f - 223. Is r prime?
False
Let o(u) = 8*u**2 + 30*u + 131. Is o(17) composite?
False
Suppose -2*j - 653 = -w - 0*j, -3*w + j + 1944 = 0. Suppose -173 = 3*h - w. Suppose -2*x + h + 456 = 0. Is x prime?
True
Let t(d) = -40*d - 183. Is t(-11) composite?
False
Suppose -5*r = 5*r - 76130. Is r prime?
False
Let y be ((-42)/7)/(2930/735 + -4). Suppose 5*v - z = -0*z - 1496, 2*v + 580 = 5*z. Let n = v + y. Is n prime?
False
Is (-3280)/(-8) - (-3)/(-1) composite?
True
Let o(f) = -f**2 - 3*f. Let u be o(-2). Let h(j) = -j**u - 9 - 4*j**2 + 4*j - 4*j**2 + 3*j**3. Is h(6) a composite number?
True
Let u = -565 + 972. Is u a prime number?
False
Suppose 0*t + 2396 = q - t, 0 = 3*q + 3*t - 7158. Let b(k) = k + 11. Let z be b(-11). Suppose 3*h - 6*h + q = z. Is h a prime number?
True
Suppose 4*j - 3819 = 1093. Suppose 5*i - 3*k - 1294 - j = 0, 0 = 2*i + 2*k - 1012. Is i prime?
False
Suppose 10*f - 4168 - 3622 = 0. Is f a prime number?
False
Let g be (-7)/42 + (-40465)/(-6). Suppose p + g = 5*p. Suppose -2*h - 672 = -2*v, 5*v + 0*h = -h + p. Is v a composite number?
False
Let t be ((-336)/18)/(2/(-60)). Suppose 0 = 2*f + 2, -5*l = -7*f + 2*f - t. Is l composite?
True
Let k(f) be the third derivative of 7*f**5/30 - 5*f**3/2 + 13*f**2. Is k(-4) a composite number?
True
Let y = 7593 - 4660. Is y a composite number?
True
Let n(k) = k**2 - 2*k - 16. Let p(z) be the second derivative of z**4/12 - z**3/3 - 17*z**2/2 - 2*z. Let q(r) = 3*n(r) - 2*p(r). Is q(-10) composite?
True
Suppose -4*n = 5*c + 25, 0 = -2*c - n + 4*n + 13. Is (-12429)/(-18)*(c + 3) composite?
False
Let u(g) = 2*g + 10. Let x be u(-7). Is (-7977)/(-9) - x/6 composite?
False
Let f = -989 - -654. Let c = 2 - f. Is c a prime number?
True
Let d be (-5)/(-2 + 7) - -100. Let y = -68 + d. Is y a composite number?
False
Suppose 0*p + p = 5*o + 10, 3*o = 4*p - 6. Is (2 + p)*436/8 prime?
True
Let h(t) be the first derivative of 62*t**3/3 + 7*t**2/2 + 8*t - 9. Is h(-3) composite?
True
Is ((-3)/((-21)/149618))/2 prime?
True
Let r = -5976 - -14779. Is r a prime number?
True
Let x be (-94)/(-8) + 2/8. Let t = 860 - 804. Is (t/16)/(2/x) composite?
True
Suppose 15*n - 51302 - 66103 = 0. Is n a prime number?
False
Suppose -4*y + 2606 = 5*v - 0*y, -5*v + 2610 = 5*y. Let j(p) = -10*p + 1. Let g be j(7). Let h = g + v. Is h composite?
False
Let c(u) = 2*u - 15. Let k be c(7). Let h be -52 + 3/k - 0. Is 3/(-6)*2*h a prime number?
False
Let g be (-43)/4 - (-6)/(-24). Let k be (-4102)/7*(-2)/(-4). Is (9 + g)/(2/k) composite?
False
Suppose -2*q + 5*q + 5*x = 43, 5*x = -2*q + 37. Suppose -8*c + 238 = -q*c. Is c a prime number?
False
Suppose 313 + 552 = c. Is c prime?
False
Let r(j) = -j**2 + j + 1. Let y(o) = o**3 - 2*o**2 - 10*o - 2. Let g(t) = -3*r(t) - y(t). Let u be g(6). Suppose -1060 = s - u*s. Is s composite?
True
Suppose 1072 - 2682 = -5*a. Suppose a - 32 = 2*c. Is c a prime number?
False
Suppose -5 + 1 = -2*z. Suppose 3*a = 3*u + a - 37, z*a - 67 = -5*u. Let h(i) = 15*i - 16. Is h(u) prime?
True
Let r be 4/10*(11 - 1). Let v = 6 - r. Suppose -6 - 20 = -v*n. Is n a composite number?
False
Let o = 105016 - 66117. Is o a composite number?
True
Suppose 3*j = 4*g - 4681, 0*j - 1 = -j. Is g a composite number?
False
Let b = -3307 + 5668. Suppose -14*p - b = -17*p. Is p a composite number?
False
Suppose -15*b = 4*z - 16*b - 89874, -b = 3*z - 67409. Is z a composite number?
False
Let f(n) = -2*n**3 - n**2 + 12*n + 9. Let y be f(-5). Suppose 3*l = 5*l - 1186. Let g = l - y. Is g a composite number?
False
Suppose 5*l - 8 = 2*y + 8, 2*y = l. Is (2 - (y - -2))*(-929)/2 a composite number?
False
Let g(q) = -6*q - 13. Let d = -16 + 10. Let h be g(d). Is 7/56 + h/8 a composite number?
False
Suppose 3*k = -5*q + 1428, 6*q - 3*q = -2*k + 856. Let s = -53 - -53. Suppose r + 0*r = j - 76, 4*j + 4*r - q = s. Is j a prime number?
False
Is -46 - -51 - (-608)/1 a prime number?
True
Suppose 0 = -29*z + 17555 - 706. Is z a prime number?
False
Let q = 81387 - 48188. Is q composite?
False
Let o(t) = 25*t**2 + 15*t + 15. Is o(8) composite?
True
Let d be ((-16)/(-1 - -3))/1. Let n(g) be the second derivative of -g**5/10 - 13*g**4/12 - 7*g**3/6 + 9*g**2/2 + 23*g. Is n(d) a prime number?
True
Let y = 19 + -15. Let r(c) = -5*c**2 - c**3 - c + y*c**3 - 5 + 2*c**2 - c**3. Is r(4) a composite number?
False
Is -3 + (4 - -3) + 4717 prime?
True
Suppose 2*y = -m + 1803, -y - 4*m = -432 - 480. Let h = y + 1. Is h a prime number?
False
Suppose w - 3*p = 4*w - 6, -14 = -5*w - 4*p. Suppose -3*f + w*f = 9. Suppose f*q - 188 = 19. Is q a composite number?
True
Let x(k) = -405*k**3 + 2*k**2. Let h be x(1). Let j = -96 - h. Is j prime?
True
Let a(r) = 1398*r**3 - r + 2. Is a(1) composite?
False
Let h(m) = 1 - 9*m + 5*m + 5*m. Let s be h(-5). Let z(b) = -172*b - 3. Is z(s) a composite number?
True
Suppose -4*b + 40*b - 98676 = 0. Is b a composite number?
False
Suppose 5 = -4*u + 3*u. Let w(d) = d**2 + 3*d - 7. Let k be w(u). Suppose 4*s + 540 + 243 = k*b, -3*s = 5*b - 1334. Is b a composite number?
True
Let m(r) = -r**3 + 15*r**2 + 3. Let z be m(15). Suppose -f + 7*n - 4*n = -191, 3*f = -z*n + 621. Is f a composite number?
True
Suppose 2*q = 5*h - q, 5*h - 5 = 2*q. Is (-3)/h*(-841 - 0) a composite number?
True
Let n(x) = -13*x - 13. Let l(i) be the first derivative of -i**3 - 3*i**2/2 - 6*i - 8. Let q be l(-2). Is n(q) a prime number?
False
Let z(u) = u**2 - 16*u - 98. Let w be z(19). Let t = 33 - 55. Let r = t - w. Is r prime?
True
Is (16 + -17)/((-1)/2251) composite?
False
Let t(a) be the first derivative of 5/4*a**4 + 5*a - 3*a**2 - 4 + 5/3*a**3. Is t(4) a composite number?
True
Let h(r) = -375*r - 25. Let u be h(-4). Suppose 10*v + u = 15*v. Is v a composite number?
True
Suppose 0 = w - n - 10899, 5*n - 4*n + 21802 = 2*w. Is w a composite number?
False
Let q(h) be the second derivative of 1/2*h**3 + 21/5*h**5 + 0*h**4 - 7*h - 1/2*h**2 + 0. Is q(2) prime?
True
Let b(w) = -w + 1. Let i(j) = 214*j - 23. Let s(f) = 5*b(f) - i(f). Is s(-7) prime?
False
Let p = 11480 - 7935. Is p a composite number?
True
Suppose 4*q + 22 = -22. Let w = 12 + q. Is 67 + (4 - w) - 3 a composite number?
False
Is (-5)/1 + 9583 + -9 composite?
True
Suppose 15*i - 16*i + 1396 = 0. Suppose 2*a - 1602 + 192 = 0. Let t = i - a. Is t a prime number?
True
Suppose 0 = -3*b + 9 - 0. Suppose -b*h + 43 = -131. Is h prime?
False
Let v = 20681 + 990. Is v a prime number?
False
Suppose -210584 = -31*s - 12091. Is s a prime number?
False
Suppose 0*l = -2*o + l + 12653, 3*l = 5*o - 31630. Is o prime?
True
Let c(u) = 52*u**2 + 2*u. Let t = 7 - 9. Let b be c(t). Is ((-10)/8)/((-3)/b) composite?
True
Suppose 3*s - 9*m + 5*m = 11, 7 = 5*s - m. Let h(j) = 838*j**2 + 2*j - 1. Is h(s) prime?
True
Let i be ((-14)/4)/(2/4). Let h = 9 + i. Suppose -t = 2*t - s - 1172, 0 = -2*s + h. Is t prime?
False
Let c = 7348 - 95. Is c prime?
True
Suppose n - 1072 - 2719 = 0. Is n prime?
False
Let h = 211 - 1. Let w = -143 + h. Is w composite?
False
Let g = -5772 + 3522. Let u = -1257 - g. Is u a composite number?
True
Let o(b) = b**3 - 7*b**2 - b + 7. Let x be o(9). Let v = 15 + -14. Suppose v = -p + x. Is p prime?
False
Let r(p) = 619*p**2 + p + 5. Is r(4) prime?
False
Let x(t) = 222*t**2 + 3*t + 2. Suppose -2 = k - 5, 0 = 5*p - 3*k + 34. Let m = 4 + p. Is x(m) a prime number?
False
Let b(r) = 21*r**2 - 2*r + 2. Let k be b(-6). Let g = 1181 -